- 3). Calculate t(d).
-6
Let g = 7 + -8. Let n be (0 + -4)/(-3 - g). Let i(j) = -2*j**3 + j**2 + 2*j + 1. What is i(n)?
-7
Let p(g) be the third derivative of -g**7/5040 - g**6/80 - g**5/60 - 5*g**2. Let j(d) be the third derivative of p(d). What is j(-6)?
-3
Let d(b) = b**3 + b**2 - b + 3. Let v be d(0). Suppose w + 1 = 0, 0 = -v*y + 4*y + 3*w. Let o be 1/3 - y/9. Let h(s) = s**2 - s - 6. Determine h(o).
-6
Let f(n) = n**3 - n**2 - 4. Let w be f(0). Let k(g) = -4*g - 3. Give k(w).
13
Suppose -5*n = -5 + 20. Let f(r) = r**3 - 5*r - 2. Give f(n).
-14
Let d(x) = -x - 10. Let a(w) = -w**2 - w + 3. Let l be a(-4). Let p be d(l). Let j(g) = 10*g**2. Determine j(p).
10
Suppose -3*v = v - 8. Suppose -5*u - 30 = -5*y, v*y - 4*u = -5*u. Let o(b) = -b**2 - b + 1. Let l be o(y). Let m(n) = 3*n + 7. Calculate m(l).
-8
Let k(h) = -1 + 0 + 3*h + 4. What is k(-4)?
-9
Suppose 0 = 11*n - 3*n - 48. Let x(d) = 20*d**2 - 7*d + 12. Let v(s) = 7*s**2 - 2*s + 4. Let m(j) = 17*v(j) - 6*x(j). What is m(n)?
8
Let i(o) be the second derivative of 0 + 0*o**2 - 1/6*o**3 + 3*o + 7/12*o**4. Calculate i(1).
6
Let q(a) be the third derivative of -a**5/60 + 5*a**4/24 + 7*a**3/6 + 3*a**2. Calculate q(5).
7
Let d(v) = v**3 - 4*v**2 - 8*v + 3. Let u be 3/(2 + 11/(-6)). Let g be 66/14 + u/63. Determine d(g).
-12
Let x(p) = 5*p + 1. Let j(a) = 4*a + 1. Let s(q) = -6*j(q) + 5*x(q). Give s(-2).
-3
Let u(w) = 2*w**2 + 2*w**2 - 5*w**2 - 6 + 7*w + 2*w. Calculate u(8).
2
Let d(r) = 11*r**2 - 2 + r**3 - 5*r**2 - 5*r**2 - 6*r**2. Determine d(5).
-2
Let c(m) = -10*m**3 - m**2 - m. Let p be 4 + (-6)/(-3) - 2. Let d = -5 + 6. Suppose p*s + 4*y = -8, -d = -3*s + y - 3. Determine c(s).
10
Let p = 184 - 180. Let n(f) = -f**2 + 6*f - 5. Determine n(p).
3
Let c(b) be the first derivative of 1/4*b**4 + b + 4/3*b**3 - 4 + 3/2*b**2. Give c(-2).
3
Let g(n) = -n**3 - n**2 - 16. Let m(p) = -p + 16. Let j be m(16). Calculate g(j).
-16
Let x(f) be the first derivative of f**4/4 + 7*f**3/3 - f**2/2 - 7*f + 23. What is x(-7)?
0
Let h(k) = -k**3 + 5*k**2 - 5*k + 2. Let x be h(4). Let t(g) = -2*g. Let z(c) = 4*c. Let f(v) = -9*t(v) - 4*z(v). Let m be f(x). Let b(y) = -y - 9. Give b(m).
-5
Let y(l) be the second derivative of -l**3/6 - 3*l**2/2 - l. Let n(k) = -2*k + 2. Let x be n(2). Let f be -3 - x - (-3)/3. Determine y(f).
-3
Let g(x) be the second derivative of -x**5/20 - x**4/2 + x**3/6 + 2*x**2 + 4*x. What is g(-6)?
-2
Let n(h) = h**3 + 5*h**2 - 3*h + 7. Suppose 7*d - 28 = 4*x + 6*d, -16 = 2*x - d. Determine n(x).
-11
Suppose 2*p - 6*p + 8 = 0. Suppose -m - 12 = p*m. Let o(s) = s**2 + 5*s - 2. What is o(m)?
-6
Let z(y) be the first derivative of y**3/3 + 3*y**2 - 39. Determine z(-5).
-5
Suppose 3*l - l = 0. Let v(t) = -t + 4*t**2 - 9 + 7 + 0*t. Let q(a) = 11*a**2 - 3*a - 6. Let o(d) = 3*q(d) - 8*v(d). Calculate o(l).
-2
Suppose 2*x - 16 = -2*x. Let j(o) = o - 2. Let k be j(x). Let c(q) = -2*q + 2 + 0 + q**2 - 4. Give c(k).
-2
Let i = 0 + 4. Let o(g) be the first derivative of g**2/2 - 2*g - 4. Give o(i).
2
Let i be (-1)/1*(-2 + 0). Suppose 2*z + i = 0, 12 = 5*h + 3*z - 20. Let p(u) = u**3 - 7*u**2 + 7. Give p(h).
7
Let g(t) = t**3 + 2*t**2 - 1. Let b be g(-1). Suppose 0 = -b*m + 5*m + 25. Let a(s) = -s - 6. Calculate a(m).
-1
Let b(i) be the first derivative of i**3/3 - 9*i**2/2 + 8*i + 16. Determine b(8).
0
Let q(y) be the first derivative of y**4/4 + 4*y**3/3 + 2*y + 8. Determine q(-4).
2
Let g(a) = a**2 - 6*a + 13. Let f(d) be the third derivative of d**5/60 - 7*d**4/24 + 7*d**3/3 + 2*d**2. Let o(k) = -6*f(k) + 7*g(k). Calculate o(0).
7
Suppose -m = 3*q + 4*m + 15, -m = -q + 3. Let a = q - -2. Let y(d) = 3*d - 2*d**2 + d**2 - d**2. Give y(a).
-2
Let s = -12 + 20. Let j(r) = 2 + 5 + s*r + 0*r**2 - r**2 + 2*r**2. Calculate j(-6).
-5
Let d(b) be the second derivative of b**3/6 + b**2 - 2*b. Let o = -10 + 16. Suppose -o*q = -2*q + 8. What is d(q)?
0
Suppose 3*j + 9 = -0*j. Let z(f) be the first derivative of 16*f**3/3 - 2*f**2 - 16*f + 3. Let n(x) = 5*x**2 - x - 5. Let q(c) = 10*n(c) - 3*z(c). What is q(j)?
10
Let u(o) = -5*o**3 - o**2 + o + 1. Let f be u(-1). Let v(s) = s**2 + s - 4. Let a(b) = -4*b**2 - 5*b + 16. Let t(p) = -2*a(p) - 9*v(p). Determine t(f).
-8
Let v(i) be the third derivative of i**5/60 - i**4/24 + i**3/6 + 7*i**2. Determine v(3).
7
Let a(x) = 3 - 2 - 2 - x + x**2. Suppose 2 = -2*h - 3*t - 0, 2*t - 5 = 5*h. Give a(h).
1
Let b(v) = 21*v**3 + 2*v + 1 - 6*v**3 - 10*v**3. What is b(-1)?
-6
Let n(l) = -l**2 - 9*l + 2. Let a be n(-9). Let u(m) = 1 - 5*m + 2 + m - a. Determine u(3).
-11
Let w(b) = b**2 + 6*b + 6. Let t be -1 + 1 + -1 - -3. Suppose -t*c = -c + 8. Let v = c - -4. What is w(v)?
-2
Let k(n) = -2*n + 4. Suppose -4*d + 0 = -16. Determine k(d).
-4
Let u(x) = 6 + 5*x**2 - 4*x**2 + 3*x - 2*x**2. Calculate u(5).
-4
Suppose 0 = -5*x - 5*w + 5, -5*x + 4*w + w = -15. Let i(l) = x*l - 4 + 4*l + l**3 - 6*l**2 + l. Suppose -3*g = -4*m + 11 + 2, -1 = m - 5*g. Calculate i(m).
-8
Let x(t) = -t**3 + t - 7. Let q(y) = y**2 - y + 1. Let a(d) = -6*q(d) - x(d). What is a(5)?
1
Let k(g) be the second derivative of g**3/6 - g**2 + 24*g. What is k(-2)?
-4
Let u(p) = -p. Let l(j) = 2*j + 1. Let c(r) = -l(r) - 5*u(r). What is c(1)?
2
Let k(c) = c - 2. Let q(i) = -9*i + 9. Let f(l) = -5*k(l) - q(l). Determine f(-1).
-3
Let o(h) = 2*h + 7. Let f(w) = 5*w - 4. Let c be f(8). Let s = c + -23. Suppose -5*u = -3*k + 37, u + s = 2*k - 0. What is o(u)?
-3
Let l(n) = 0*n - n**2 - 1 - 4*n - 1. Let a(j) = 2*j - 2. Let h be a(-1). Let w be l(h). Let z(v) = -2*v**3 - 3*v**2 - v + 2. Give z(w).
8
Suppose -11*m + 10*m - 5 = 0. Let o(v) be the first derivative of v**2 - 2 + 5/3*v**3 + 1/4*v**4 + 6*v. Calculate o(m).
-4
Let w(r) = -r**3 + 6*r**2 - 4*r - 6. Let u be w(5). Let l = 3 - u. Let x(y) = -l*y + 5 + 8*y - 3*y + 0*y. Determine x(-6).
-1
Let j be 2 - 8/(-2)*-2. Let b(h) = h**2. Let q(o) = o**2 + o - 1. Let l(a) = -5*b(a) + 6*q(a). What is l(j)?
-6
Suppose -4*p = u + 13 + 82, u = 5*p + 121. Let n = p - -22. Let c(d) = 2*d**2 + d - 1. Give c(n).
5
Let f(n) = n + 2. Let k be -3*3/(-9)*-1. Let b be -18*k/((-6)/(-4)). Suppose -b + 4 = 4*i. What is f(i)?
0
Let u(c) be the third derivative of 0*c + 0 - 1/12*c**5 - 1/120*c**6 - 1/3*c**3 + 1/12*c**4 + 5*c**2. Calculate u(-5).
-12
Let b(f) = 2*f - 3. Let h(m) = m. Let u(t) = b(t) + h(t). Suppose 1 + 3 = 2*w. Calculate u(w).
3
Let m(x) = x + 3 - 24 + 11 + 11. What is m(-5)?
-4
Let q(p) = 0*p - 2*p - p + 4 + 6*p. Suppose 0*o = -2*o - 6. Give q(o).
-5
Let p be (-3)/(-12) + (-2)/8. Let x(h) = h**2 - h - 2. Determine x(p).
-2
Let s(g) = g**3 + 6*g**2 - 6*g + 7. Suppose -2*m - 9 = 5. Give s(m).
0
Let v(c) = c**2 + 2*c + 2. Let w = -11 + 8. What is v(w)?
5
Suppose 3*p + 3 = -2*q - q, -2*p = -q - 4. Let i(r) = 10*r - 1. What is i(p)?
9
Suppose 12 - 4 = -2*n. Let o be 1 - (2 + 1) - n. Let x(w) = -2*w**2 + 2. Determine x(o).
-6
Let z(k) = 27*k - 55*k + 27*k. Calculate z(4).
-4
Let j(r) = -10*r + 6*r - 2 + 8*r + 3. What is j(-3)?
-11
Let i(x) = 8*x**2 - 6*x + 2*x**2 - 14*x**2 + 7*x. Suppose 6*u + 4 = 2*u. Determine i(u).
-5
Let d be 2/9 - (-14)/18. Let f(k) = 3*k + 3*k + 0 + d. Give f(-1).
-5
Let i(r) be the second derivative of -r**4/12 + 2*r**3/3 + 5*r**2/2 - 2*r - 4. What is i(6)?
-7
Let t(n) = n**3 + 7*n**2 + 5*n. Let h = -6 + 0. What is t(h)?
6
Let w(l) be the second derivative of -l**5/20 - l**4/3 - l**3/2 + l**2/2 + 15*l. What is w(-4)?
13
Suppose d = 3*t + 2*d - 10, 0 = -2*t - 2*d. Let f(g) be the first derivative of 1/2*g**2 + 5/3*g**3 - 1 - 1/4*g**4 + 5*g. Give f(t).
10
Let v(g) = g**2 + 5 - 17 + 11. Give v(0).
-1
Let q(a) = a - 2. Let j be (-12)/21 - (-18)/(-42). Let z be (j + 0)*(-2)/(-1). Determine q(z).
-4
Let t = 58 + -52. Let q(o) = -1 + 0*o**2 + 0*o**2 - 5*o + o**2. What is q(t)?
5
Suppose 4*y - 6*y + y = 0. Let w(n) be the second derivative of 1/2*n**2 + 1/6*n**4 + y - 2*n + 2/3*n**3. Determine w(-3).
7
Let f(g) = -g**2 - g. Let s(q) = -q**3 + 3*q**2 + 8*q + 6. Let o(r) = 3*f(r) + s(r). Let h(w) = w. Let u(m) = -5*h(m) + o(m). Give u(0).
6
Let u(i) be the third derivative of -i**4/24 + 5*i**3/3 - 3*i**2 + 17. Calculate u(12).
-2
Let z be (66/9)/(-2) + 4. Let t(v) be the first derivative of 0*v**2 - 3 + 0*v + z*v**3 + v**4. Give t(-1).
-3
Let k(i) = i**2. Let c(x) 